ue
Is 5911 a prime number?
False
Is 902927 prime?
False
Is 18493 prime?
True
Is 13891 a composite number?
True
Is 230105 prime?
False
Is 672743 a prime number?
True
Is 46261 a prime number?
True
Is 4507 prime?
True
Is 46459 a prime number?
False
Is 140255 prime?
False
Is 681 composite?
True
Is 79295 composite?
True
Is 269959 prime?
False
Is 59519 a composite number?
True
Is 9813 a prime number?
False
Is 991685 a prime number?
False
Is 4937 a prime number?
True
Is 803 composite?
True
Is 385967 a prime number?
True
Is 3185981 a prime number?
True
Is 70937 composite?
False
Is 576151 prime?
True
Is 300719 a composite number?
False
Is 18227 a prime number?
False
Is 22289 a prime number?
False
Is 863 prime?
True
Is 14015 a composite number?
True
Is 145561 prime?
False
Is 35339 composite?
False
Is 658079 a composite number?
False
Is 6385 composite?
True
Is 1077943 a prime number?
True
Is 563993 composite?
True
Is 11003 a prime number?
True
Is 233059 prime?
False
Is 4124047 composite?
True
Is 4595 a prime number?
False
Is 7781 a composite number?
True
Is 14591 prime?
True
Is 579505 a composite number?
True
Is 9611 prime?
False
Is 263219 a composite number?
True
Is 320291 composite?
False
Is 219053 composite?
False
Is 7669 a composite number?
False
Is 6491 prime?
True
Is 379369 prime?
True
Is 4213 composite?
True
Is 637553 a composite number?
True
Is 527429 composite?
True
Is 1457695 a prime number?
False
Is 188603 a prime number?
True
Is 278927 prime?
False
Is 2998 a composite number?
True
Is 810763 a prime number?
True
Is 771 a prime number?
False
Is 34315 a composite number?
True
Is 7934 a prime number?
False
Is 180161 a prime number?
True
Is 492227 prime?
True
Is 693569 a prime number?
True
Is 5053 a prime number?
False
Is 52661 prime?
False
Is 4444931 a prime number?
False
Is 7737 prime?
False
Is 30263 composite?
True
Is 92743 a prime number?
False
Is 30421 prime?
False
Is 25013 a composite number?
False
Is 116183 prime?
False
Is 40231 prime?
True
Is 31 a prime number?
True
Is 117389 a composite number?
False
Is 35213 a composite number?
True
Is 737 a prime number?
False
Is 26177 composite?
False
Is 20263 a prime number?
False
Is 22798 a prime number?
False
Is 16963 prime?
True
Is 681479 a prime number?
False
Is 8129 composite?
True
Is 101081 a composite number?
False
Is 10393 a prime number?
False
Is 544933 a composite number?
True
Is 142673 a prime number?
True
Is 55 composite?
True
Is 179149 composite?
True
Is 21623 a composite number?
True
Is 26431 a composite number?
False
Is 304957 composite?
True
Is 41773 prime?
False
Is 51089 composite?
True
Is 12511 composite?
False
Is 2503 prime?
True
Is 60179 a composite number?
True
Is 33377 a composite number?
False
Is 77899 a composite number?
False
Is 12071 prime?
True
Is 2102 a prime number?
False
Is 97283 prime?
True
Is 841109 a prime number?
False
Is 224797 composite?
False
Is 82343 prime?
False
Is 2262217 prime?
False
Is 41351 composite?
False
Is 265381 a composite number?
False
Is 39505 composite?
True
Is 38495 a prime number?
False
Is 208133 a prime number?
False
Is 9091 a composite number?
False
Is 1641 prime?
False
Is 57751 a composite number?
False
Is 6163 prime?
True
Is 57163 prime?
True
Is 18169 composite?
False
Is 916493 a composite number?
True
Is 937 composite?
False
Is 35609 composite?
True
Is 287291 composite?
False
Is 248363 a composite number?
True
Is 11777 a composite number?
False
Is 11851 a prime number?
False
Is 29041 composite?
True
Is 124181 prime?
True
Is 4943 a composite number?
False
Is 457285 a composite number?
True
Is 3288997 a prime number?
True
Is 5471 a prime number?
True
Is 1219237 a composite number?
False
Is 17497 a prime number?
True
Is 26417 prime?
True
Is 11981 a prime number?
True
Is 649 prime?
False
Is 8417 prime?
False
Is 143413 prime?
True
Is 1754 a prime number?
False
Is 5639 composite?
False
Is 302983 composite?
False
Is 653149 prime?
False
Is 416797 a prime number?
True
Is 3127 prime?
False
Is 12603 a prime number?
False
Is 19735 a prime number?
False
Is 33869 a prime number?
False
Is 30959 a prime number?
False
Is 2326133 a composite number?
False
Is 294707 composite?
True
Is 313081 a composite number?
False
Is 6521 a composite number?
False
Is 932845 a prime number?
False
Is 18341 prime?
True
Is 199997 a prime number?
False
Is 388519 prime?
True
Is 10499 composite?
False
Is 25931 a composite number?
False
Is 7409 composite?
True
Is 211769 composite?
True
Is 1215299 prime?
True
Is 14369 prime?
True
Is 8999 composite?
False
Is 760573 prime?
False
Is 11633 a prime number?
True
Is 1079 composite?
True
Is 308297 a prime number?
False
Is 14699 a prime number?
True
Is 9199 a composite number?
False
Is 14441 a composite number?
True
Is 117641 a composite number?
True
Is 11113 prime?
True
Is 14609 a prime number?
False
Is 2503 composite?
False
Is 10561 a prime number?
False
Is 5147 composite?
False
Is 3989 prime?
True
Is 652081 composite?
False
Is 274 a composite number?
True
Is 4703 a prime number?
True
Is 7897 a prime number?
False
Is 7807 a composite number?
True
Is 9977 a composite number?
True
Is 341263 a composite number?
True
Is 516959 prime?
True
Is 12227 prime?
True
Is 3709 a prime number?
True
Is 1931 prime?
True
Is 1473 a composite number?
True
Is 333083 prime?
False
Is 108787 a composite number?
True
Is 65167 a prime number?
True
Is 86923 prime?
True
Is 437371 prime?
False
Is 31133 prime?
False
Is 3427 composite?
True
Is 28129 composite?
True
Is 66301 composite?
False
Is 35671 composite?
False
Is 219721 composite?
False
Is 2777 prime?
True
Is 22405 composite?
True
Is 92913 prime?
False
Is 112481 a prime number?
True
Is 1799 a composite number?
True
Is 29461 prime?
False
Is 276209 prime?
True
Is 73637 prime?
True
Is 23399 a composite number?
False
Is 51941 prime?
True
Is 427051 prime?
False
Is 149489 composite?
False
Is 232181 composite?
True
Is 314159 a composite number?
False
Is 33895 prime?
False
Is 117617 a prime number?
True
Is 552889 prime?
False
Is 7726 prime?
False
Is 79531 a prime number?
True
Is 144679 prime?
False
Is 98047 prime?
True
Is 13063 composite?
False
Is 42481 prime?
False
Is 7003 prime?
False
Is 41381 composite?
False
Is 813407 prime?
False
Is 58759 a composite number?
True
Is 73031 a composite number?
True
Is 485593 a composite number?
False
Is 516595 a prime number?
False
Is 299311 composite?
False
Is 8263 a prime number?
True
Is 229997 a composite number?
True
Is 496021 composite?
True
Is 31367 composite?
True
Is 207139 composite?
False
Is 13646 a composite number?
True
Is 82519 a composite number?
True
Is 3238 composite?
True
Is 125527 a prime number?
True
Is 45706 a prime number?
False
Is 50989 prime?
True
Is 576253 composite?
True
Is 123323 a composite number?
False
Is 333377 prime?
False
Is 68473 a prime number?
True
Is 44351 a prime number?
True
Is 7367 composite?
True
Is 119065 a composite number?
True
Is 9923 a prime number?
True
Is 1601 prime?
True
Is 993679 a prime number?
True
Is 277961 composite?
False
Is 29893 a prime number?
False
Is 1381 prime?
True
Is 261577 composite?
False
Is 19777 a prime number?
True
Is 188926 composite?
True
Is 3194 prime?
False
Is 31989 prime?
False
Is 12881 a composite number?
True
Is 69539 a composite number?
False
Is 5383 a composite number?
True
Is 87179 a prime number?
True
Is 55087 composite?
True
Is 108457 composite?
False
Is 10911 a composite number?
True
Is 2990245 a prime number?
False
Is 3629 prime?
False
Is 2116793 a prime number?
False
Is 12239 a composite number?
False
Is 28387 prime?
True
Is 54751 composite?
False
Is 304697 a composite number?
True
Is 13997 composite?
False
Is 15935 prime?
False
Is 706773 a prime number?
False
Is 3163 composite?
False
Is 23207 a prime number?
False
Is 72041 a prime number?
False
Is 22961 composite?
False
Is 902173 prime?
False
Is 57581 a prime number?
False
Is 1117321 a composite number?
False
Is 549001 a prime number?
True
Is 141261 a composite number?
True
Is 3607 prime?
True
Is 3433 a prime number?
True
Is 87182 a composite number?
True
Is 90109 a prime number?
False
Is 137567 composite?
False
Is 149539 composite?
True
Is 8261 composite?
True
Is 77797 a prime number?
True
Is 65287 prime?
True
Is 111143 a composite number?
False
Is 59